{"id":92,"date":"2025-09-29T20:18:28","date_gmt":"2025-09-29T20:18:28","guid":{"rendered":"https:\/\/cornflowerblue-viper-792574.hostingersite.com\/index.php\/about-us\/"},"modified":"2026-04-23T17:45:27","modified_gmt":"2026-04-23T17:45:27","slug":"sobre-nos","status":"publish","type":"page","link":"https:\/\/diskecocacambas.site\/?page_id=92","title":{"rendered":"Sobre n\u00f3s"},"content":{"rendered":"\t\t<div data-elementor-type=\"wp-page\" data-elementor-id=\"92\" class=\"elementor elementor-92\" data-elementor-post-type=\"page\">\n\t\t\t\t<div class=\"elementor-element elementor-element-82d7f9c e-flex e-con-boxed e-con e-parent\" data-id=\"82d7f9c\" data-element_type=\"container\">\n\t\t\t\t\t<div class=\"e-con-inner\">\n\t\t<div class=\"elementor-element elementor-element-a56c4ca e-con-full e-flex e-con e-child\" data-id=\"a56c4ca\" data-element_type=\"container\">\n\t\t<div class=\"elementor-element elementor-element-2276720 e-flex e-con-boxed e-con e-child\" data-id=\"2276720\" data-element_type=\"container\">\n\t\t\t\t\t<div class=\"e-con-inner\">\n\t\t<div class=\"elementor-element elementor-element-1845cd3 e-con-full e-flex e-con e-child\" data-id=\"1845cd3\" data-element_type=\"container\">\n\t\t\t\t<div class=\"elementor-element elementor-element-eb6a51f elementor-widget elementor-widget-heading\" data-id=\"eb6a51f\" data-element_type=\"widget\" data-widget_type=\"heading.default\">\n\t\t\t\t<div class=\"elementor-widget-container\">\n\t\t\t\t\t<h2 class=\"elementor-heading-title elementor-size-default\">Um pouco sobre n\u00f3s e nossa miss\u00e3o.<\/h2>\t\t\t\t<\/div>\n\t\t\t\t<\/div>\n\t\t\t\t<div class=\"elementor-element elementor-element-e27975b elementor-widget elementor-widget-image\" data-id=\"e27975b\" data-element_type=\"widget\" data-widget_type=\"image.default\">\n\t\t\t\t<div class=\"elementor-widget-container\">\n\t\t\t\t\t\t\t\t\t\t\t\t\t\t\t<img fetchpriority=\"high\" decoding=\"async\" width=\"745\" height=\"960\" src=\"https:\/\/diskecocacambas.site\/wp-content\/uploads\/2025\/09\/entulho.png\" class=\"attachment-full size-full wp-image-866\" alt=\"\" srcset=\"https:\/\/diskecocacambas.site\/wp-content\/uploads\/2025\/09\/entulho.png 745w, https:\/\/diskecocacambas.site\/wp-content\/uploads\/2025\/09\/entulho-233x300.png 233w\" sizes=\"(max-width: 745px) 100vw, 745px\" \/>\t\t\t\t\t\t\t\t\t\t\t\t\t\t\t<\/div>\n\t\t\t\t<\/div>\n\t\t\t\t<\/div>\n\t\t<div class=\"elementor-element elementor-element-acdaa6a e-con-full e-flex e-con e-child\" data-id=\"acdaa6a\" data-element_type=\"container\">\n\t\t\t\t<div class=\"elementor-element elementor-element-7ed4e60 elementor-widget elementor-widget-text-editor\" data-id=\"7ed4e60\" data-element_type=\"widget\" data-widget_type=\"text-editor.default\">\n\t\t\t\t<div class=\"elementor-widget-container\">\n\t\t\t\t\t\t\t\t\t<p data-start=\"131\" data-end=\"1254\">Oferecemos o servi\u00e7o de loca\u00e7\u00e3o de ca\u00e7ambas com agendamento pr\u00e9vio, contando com uma ampla frota de caminh\u00f5es e uma grande variedade de ca\u00e7ambas, com capacidades que variam de 3m\u00b3 a 26m\u00b3. Atendemos \u00e0 remo\u00e7\u00e3o de entulhos e res\u00edduos provenientes de obras, reformas, atividades comerciais, industriais e residenciais. Aceitamos diversos tipos de materiais, como restos de constru\u00e7\u00e3o (concreto, tijolos, blocos, pisos cer\u00e2micos, azulejos, areia, terra, pedra, cimento, cal, gesso, argamassa e suas embalagens), materiais recicl\u00e1veis (pl\u00e1stico, papel, papel\u00e3o, alum\u00ednio, vidro, isopor, embalagens vazias de tinta), metais (vergalh\u00f5es, cercas, esquadrias de ferro, telas, alum\u00ednio), m\u00f3veis usados (sof\u00e1s, cadeiras, colch\u00f5es, arm\u00e1rios), madeiras em geral (t\u00e1buas de caixaria, escoras, lenha) e res\u00edduos de jardinagem (podas de \u00e1rvores, folhas, capim e flores). Ao optar pela loca\u00e7\u00e3o de nossas ca\u00e7ambas, voc\u00ea escolhe uma solu\u00e7\u00e3o pr\u00e1tica, eficiente e ambientalmente respons\u00e1vel para o descarte de res\u00edduos, com a seguran\u00e7a de contar com uma empresa licenciada pelos \u00f3rg\u00e3os ambientais para atuar nesse segmento.<\/p>\t\t\t\t\t\t\t\t<\/div>\n\t\t\t\t<\/div>\n\t\t\t\t<\/div>\n\t\t\t\t\t<\/div>\n\t\t\t\t<\/div>\n\t\t\t\t<\/div>\n\t\t\t\t\t<\/div>\n\t\t\t\t<\/div>\n\t\t\t\t<\/div>\n\t\t","protected":false},"excerpt":{"rendered":"<p>Um pouco sobre n\u00f3s e nossa miss\u00e3o. Oferecemos o servi\u00e7o de loca\u00e7\u00e3o de ca\u00e7ambas com agendamento pr\u00e9vio, contando com uma ampla frota de caminh\u00f5es e uma grande variedade de ca\u00e7ambas, com capacidades que variam de 3m\u00b3 a 26m\u00b3. Atendemos \u00e0 remo\u00e7\u00e3o de entulhos e res\u00edduos provenientes de obras, reformas, atividades comerciais, industriais e residenciais. Aceitamos [&hellip;]<\/p>\n","protected":false},"author":1,"featured_media":0,"parent":0,"menu_order":0,"comment_status":"closed","ping_status":"closed","template":"","meta":{"site-sidebar-layout":"no-sidebar","site-content-layout":"page-builder","ast-site-content-layout":"default","site-content-style":"default","site-sidebar-style":"default","ast-global-header-display":"","ast-banner-title-visibility":"","ast-main-header-display":"","ast-hfb-above-header-display":"","ast-hfb-below-header-display":"","ast-hfb-mobile-header-display":"","site-post-title":"disabled","ast-breadcrumbs-content":"","ast-featured-img":"disabled","footer-sml-layout":"","theme-transparent-header-meta":"enabled","adv-header-id-meta":"","stick-header-meta":"","header-above-stick-meta":"","header-main-stick-meta":"","header-below-stick-meta":"","astra-migrate-meta-layouts":"default","ast-page-background-enabled":"default","ast-page-background-meta":{"desktop":{"background-color":"","background-image":"","background-repeat":"repeat","background-position":"center center","background-size":"auto","background-attachment":"scroll","background-type":"","background-media":"","overlay-type":"","overlay-color":"","overlay-opacity":"","overlay-gradient":""},"tablet":{"background-color":"","background-image":"","background-repeat":"repeat","background-position":"center center","background-size":"auto","background-attachment":"scroll","background-type":"","background-media":"","overlay-type":"","overlay-color":"","overlay-opacity":"","overlay-gradient":""},"mobile":{"background-color":"","background-image":"","background-repeat":"repeat","background-position":"center center","background-size":"auto","background-attachment":"scroll","background-type":"","background-media":"","overlay-type":"","overlay-color":"","overlay-opacity":"","overlay-gradient":""}},"ast-content-background-meta":{"desktop":{"background-color":"var(--ast-global-color-5)","background-image":"","background-repeat":"repeat","background-position":"center center","background-size":"auto","background-attachment":"scroll","background-type":"","background-media":"","overlay-type":"","overlay-color":"","overlay-opacity":"","overlay-gradient":""},"tablet":{"background-color":"var(--ast-global-color-5)","background-image":"","background-repeat":"repeat","background-position":"center center","background-size":"auto","background-attachment":"scroll","background-type":"","background-media":"","overlay-type":"","overlay-color":"","overlay-opacity":"","overlay-gradient":""},"mobile":{"background-color":"var(--ast-global-color-5)","background-image":"","background-repeat":"repeat","background-position":"center center","background-size":"auto","background-attachment":"scroll","background-type":"","background-media":"","overlay-type":"","overlay-color":"","overlay-opacity":"","overlay-gradient":""}},"footnotes":""},"class_list":["post-92","page","type-page","status-publish","hentry"],"_links":{"self":[{"href":"https:\/\/diskecocacambas.site\/index.php?rest_route=\/wp\/v2\/pages\/92","targetHints":{"allow":["GET"]}}],"collection":[{"href":"https:\/\/diskecocacambas.site\/index.php?rest_route=\/wp\/v2\/pages"}],"about":[{"href":"https:\/\/diskecocacambas.site\/index.php?rest_route=\/wp\/v2\/types\/page"}],"author":[{"embeddable":true,"href":"https:\/\/diskecocacambas.site\/index.php?rest_route=\/wp\/v2\/users\/1"}],"replies":[{"embeddable":true,"href":"https:\/\/diskecocacambas.site\/index.php?rest_route=%2Fwp%2Fv2%2Fcomments&post=92"}],"version-history":[{"count":31,"href":"https:\/\/diskecocacambas.site\/index.php?rest_route=\/wp\/v2\/pages\/92\/revisions"}],"predecessor-version":[{"id":1149,"href":"https:\/\/diskecocacambas.site\/index.php?rest_route=\/wp\/v2\/pages\/92\/revisions\/1149"}],"wp:attachment":[{"href":"https:\/\/diskecocacambas.site\/index.php?rest_route=%2Fwp%2Fv2%2Fmedia&parent=92"}],"curies":[{"name":"wp","href":"https:\/\/api.w.org\/{rel}","templated":true}]}}